{"version":"1.0","provider_name":"Campionato Carnico 2017","provider_url":"https:\/\/2017.carnico.it\/blog","title":"VECCHI LEONI: MANFREDI MATIZ - Campionato Carnico 2017","type":"rich","width":600,"height":338,"html":"<blockquote class=\"wp-embedded-content\" data-secret=\"FAWTpnvedi\"><a href=\"https:\/\/2017.carnico.it\/blog\/2017\/03\/09\/vecchi-leoni-manfredi-matiz\/\">VECCHI LEONI: MANFREDI MATIZ<\/a><\/blockquote><iframe sandbox=\"allow-scripts\" security=\"restricted\" src=\"https:\/\/2017.carnico.it\/blog\/2017\/03\/09\/vecchi-leoni-manfredi-matiz\/embed\/#?secret=FAWTpnvedi\" width=\"600\" height=\"338\" title=\"&#8220;VECCHI LEONI: MANFREDI MATIZ&#8221; &#8212; Campionato Carnico 2017\" data-secret=\"FAWTpnvedi\" frameborder=\"0\" marginwidth=\"0\" marginheight=\"0\" scrolling=\"no\" class=\"wp-embedded-content\"><\/iframe><script type=\"text\/javascript\">\n\/* <![CDATA[ *\/\n\/*! This file is auto-generated *\/\n!function(d,l){\"use strict\";l.querySelector&&d.addEventListener&&\"undefined\"!=typeof URL&&(d.wp=d.wp||{},d.wp.receiveEmbedMessage||(d.wp.receiveEmbedMessage=function(e){var t=e.data;if((t||t.secret||t.message||t.value)&&!\/[^a-zA-Z0-9]\/.test(t.secret)){for(var s,r,n,a=l.querySelectorAll('iframe[data-secret=\"'+t.secret+'\"]'),o=l.querySelectorAll('blockquote[data-secret=\"'+t.secret+'\"]'),c=new RegExp(\"^https?:$\",\"i\"),i=0;i<o.length;i++)o[i].style.display=\"none\";for(i=0;i<a.length;i++)s=a[i],e.source===s.contentWindow&&(s.removeAttribute(\"style\"),\"height\"===t.message?(1e3<(r=parseInt(t.value,10))?r=1e3:~~r<200&&(r=200),s.height=r):\"link\"===t.message&&(r=new URL(s.getAttribute(\"src\")),n=new URL(t.value),c.test(n.protocol))&&n.host===r.host&&l.activeElement===s&&(d.top.location.href=t.value))}},d.addEventListener(\"message\",d.wp.receiveEmbedMessage,!1),l.addEventListener(\"DOMContentLoaded\",function(){for(var e,t,s=l.querySelectorAll(\"iframe.wp-embedded-content\"),r=0;r<s.length;r++)(t=(e=s[r]).getAttribute(\"data-secret\"))||(t=Math.random().toString(36).substring(2,12),e.src+=\"#?secret=\"+t,e.setAttribute(\"data-secret\",t)),e.contentWindow.postMessage({message:\"ready\",secret:t},\"*\")},!1)))}(window,document);\n\/\/# sourceURL=https:\/\/2017.carnico.it\/blog\/wp-includes\/js\/wp-embed.min.js\n\/* ]]> *\/\n<\/script>\n","description":"Manfredi Matiz, classe 1964. Nel suo caso per\u00f2 la parola \u201cclasse\u201d, assume non solo il significato dell\u2019anno di nascita ma forse pi\u00f9 concretamente un modo di vivere, in campo e nella vita. Eh s\u00ec, perch\u00e9 Manfredi (ma tutti lo chiamano Manfred, chiss\u00e0 perch\u00e9? \u2026) la classe l\u2019ha mostrata in campo nell\u2019eleganza del gesto tecnico di [&hellip;]","thumbnail_url":"https:\/\/www.carnico.it\/blog\/wp-content\/uploads\/2017\/03\/MATIZ1-450x372.jpg"}

Manfredi Matiz, classe 1964. Nel suo caso però la parola “classe”, assume non solo il significato dell’anno di nascita ma forse più concretamente un modo di vivere, in campo e nella vita. Eh sì, perché Manfredi (ma tutti lo chiamano Manfred, chissà perché? …) la classe l’ha mostrata in campo nell’eleganza del gesto tecnico di [&hellip;]
