{"version":"1.0","provider_name":"Campionato Carnico 2017","provider_url":"https:\/\/2017.carnico.it\/blog","title":"CARNICO 2017, SI PARTE DOMENICA 30 APRILE - Campionato Carnico 2017","type":"rich","width":600,"height":338,"html":"<blockquote class=\"wp-embedded-content\" data-secret=\"rca3ij4GyJ\"><a href=\"https:\/\/2017.carnico.it\/blog\/2017\/01\/16\/le-premiazioni-del-carnico-2016\/\">CARNICO 2017, SI PARTE DOMENICA 30 APRILE<\/a><\/blockquote><iframe sandbox=\"allow-scripts\" security=\"restricted\" src=\"https:\/\/2017.carnico.it\/blog\/2017\/01\/16\/le-premiazioni-del-carnico-2016\/embed\/#?secret=rca3ij4GyJ\" width=\"600\" height=\"338\" title=\"&#8220;CARNICO 2017, SI PARTE DOMENICA 30 APRILE&#8221; &#8212; Campionato Carnico 2017\" data-secret=\"rca3ij4GyJ\" frameborder=\"0\" marginwidth=\"0\" marginheight=\"0\" scrolling=\"no\" class=\"wp-embedded-content\"><\/iframe><script type=\"text\/javascript\">\n\/* <![CDATA[ *\/\n\/*! This file is auto-generated *\/\n!function(d,l){\"use strict\";l.querySelector&&d.addEventListener&&\"undefined\"!=typeof URL&&(d.wp=d.wp||{},d.wp.receiveEmbedMessage||(d.wp.receiveEmbedMessage=function(e){var t=e.data;if((t||t.secret||t.message||t.value)&&!\/[^a-zA-Z0-9]\/.test(t.secret)){for(var s,r,n,a=l.querySelectorAll('iframe[data-secret=\"'+t.secret+'\"]'),o=l.querySelectorAll('blockquote[data-secret=\"'+t.secret+'\"]'),c=new RegExp(\"^https?:$\",\"i\"),i=0;i<o.length;i++)o[i].style.display=\"none\";for(i=0;i<a.length;i++)s=a[i],e.source===s.contentWindow&&(s.removeAttribute(\"style\"),\"height\"===t.message?(1e3<(r=parseInt(t.value,10))?r=1e3:~~r<200&&(r=200),s.height=r):\"link\"===t.message&&(r=new URL(s.getAttribute(\"src\")),n=new URL(t.value),c.test(n.protocol))&&n.host===r.host&&l.activeElement===s&&(d.top.location.href=t.value))}},d.addEventListener(\"message\",d.wp.receiveEmbedMessage,!1),l.addEventListener(\"DOMContentLoaded\",function(){for(var e,t,s=l.querySelectorAll(\"iframe.wp-embedded-content\"),r=0;r<s.length;r++)(t=(e=s[r]).getAttribute(\"data-secret\"))||(t=Math.random().toString(36).substring(2,12),e.src+=\"#?secret=\"+t,e.setAttribute(\"data-secret\",t)),e.contentWindow.postMessage({message:\"ready\",secret:t},\"*\")},!1)))}(window,document);\n\/\/# sourceURL=https:\/\/2017.carnico.it\/blog\/wp-includes\/js\/wp-embed.min.js\n\/* ]]> *\/\n<\/script>\n","description":"La riunione di fine stagione delle societ\u00e0 del Carnico che ha trovato ospitalit\u00e0 presso la sala convegni della Comunit\u00e0 Montana della Carnia \u00e8 servita per la prima uscita ufficiale (nell\u2019ambito carnico) del neo presidente regionale della Figc Ermes Canciani e per il neo delegato tolmezzino Claudio Picco. Per la prossima sessantaseiesima edizione fissata come data [&hellip;]","thumbnail_url":"https:\/\/www.carnico.it\/blog\/wp-content\/uploads\/2017\/01\/La-premiazione-dei-campioni-del-Real-Ic-foto-redam-300x207.jpg"}

La riunione di fine stagione delle società del Carnico che ha trovato ospitalità presso la sala convegni della Comunità Montana della Carnia è servita per la prima uscita ufficiale (nell’ambito carnico) del neo presidente regionale della Figc Ermes Canciani e per il neo delegato tolmezzino Claudio Picco. Per la prossima sessantaseiesima edizione fissata come data [&hellip;]
