{"version":"1.0","provider_name":"Campionato Carnico 2017","provider_url":"https:\/\/2017.carnico.it\/blog","title":"INAUGURATI A TIMAU I NUOVI SPOGLIATOI - Campionato Carnico 2017","type":"rich","width":600,"height":338,"html":"<blockquote class=\"wp-embedded-content\" data-secret=\"jMbym8LfiK\"><a href=\"https:\/\/2017.carnico.it\/blog\/2015\/08\/15\/inaugurati-a-timau-i-nuovi-spogliatoi\/\">INAUGURATI A TIMAU I NUOVI SPOGLIATOI<\/a><\/blockquote><iframe sandbox=\"allow-scripts\" security=\"restricted\" src=\"https:\/\/2017.carnico.it\/blog\/2015\/08\/15\/inaugurati-a-timau-i-nuovi-spogliatoi\/embed\/#?secret=jMbym8LfiK\" width=\"600\" height=\"338\" title=\"&#8220;INAUGURATI A TIMAU I NUOVI SPOGLIATOI&#8221; &#8212; Campionato Carnico 2017\" data-secret=\"jMbym8LfiK\" frameborder=\"0\" marginwidth=\"0\" marginheight=\"0\" scrolling=\"no\" class=\"wp-embedded-content\"><\/iframe><script type=\"text\/javascript\">\n\/* <![CDATA[ *\/\n\/*! This file is auto-generated *\/\n!function(d,l){\"use strict\";l.querySelector&&d.addEventListener&&\"undefined\"!=typeof URL&&(d.wp=d.wp||{},d.wp.receiveEmbedMessage||(d.wp.receiveEmbedMessage=function(e){var t=e.data;if((t||t.secret||t.message||t.value)&&!\/[^a-zA-Z0-9]\/.test(t.secret)){for(var s,r,n,a=l.querySelectorAll('iframe[data-secret=\"'+t.secret+'\"]'),o=l.querySelectorAll('blockquote[data-secret=\"'+t.secret+'\"]'),c=new RegExp(\"^https?:$\",\"i\"),i=0;i<o.length;i++)o[i].style.display=\"none\";for(i=0;i<a.length;i++)s=a[i],e.source===s.contentWindow&&(s.removeAttribute(\"style\"),\"height\"===t.message?(1e3<(r=parseInt(t.value,10))?r=1e3:~~r<200&&(r=200),s.height=r):\"link\"===t.message&&(r=new URL(s.getAttribute(\"src\")),n=new URL(t.value),c.test(n.protocol))&&n.host===r.host&&l.activeElement===s&&(d.top.location.href=t.value))}},d.addEventListener(\"message\",d.wp.receiveEmbedMessage,!1),l.addEventListener(\"DOMContentLoaded\",function(){for(var e,t,s=l.querySelectorAll(\"iframe.wp-embedded-content\"),r=0;r<s.length;r++)(t=(e=s[r]).getAttribute(\"data-secret\"))||(t=Math.random().toString(36).substring(2,12),e.src+=\"#?secret=\"+t,e.setAttribute(\"data-secret\",t)),e.contentWindow.postMessage({message:\"ready\",secret:t},\"*\")},!1)))}(window,document);\n\/\/# sourceURL=https:\/\/2017.carnico.it\/blog\/wp-includes\/js\/wp-embed.min.js\n\/* ]]> *\/\n<\/script>\n","description":"\u201cMa come, proprio il giorno di Ferragosto inaugurano i nuovi spogliatoi?\u201d. La domanda, in effetti, sembrava pertinente, perch\u00e9 tra grigliate e gite verso il mare, in tanti, forse, avrebbero potuto essere assenti. Avrebbero potuto, perch\u00e9, poi, nella realt\u00e0 non \u00e8 andata cos\u00ec. C\u2019era tanta gente, ma proprio tanta, infatti, all\u2019\u201dEmidio Mentil\u201d per l\u2019inaugurazione","thumbnail_url":"https:\/\/www.carnico.it\/blog\/wp-content\/uploads\/2015\/08\/20150815_173633-630x379.jpg"}

“Ma come, proprio il giorno di Ferragosto inaugurano i nuovi spogliatoi?”. La domanda, in effetti, sembrava pertinente, perché tra grigliate e gite verso il mare, in tanti, forse, avrebbero potuto essere assenti. Avrebbero potuto, perché, poi, nella realtà non è andata così. C’era tanta gente, ma proprio tanta, infatti, all’”Emidio Mentil” per l’inaugurazione
