{"version":"1.0","provider_name":"Campionato Carnico 2017","provider_url":"https:\/\/2017.carnico.it\/blog","title":"TRADIZIONE, NOVITA' E IL RITIRO DEL VAL FELLA - Campionato Carnico 2017","type":"rich","width":600,"height":338,"html":"<blockquote class=\"wp-embedded-content\" data-secret=\"nf1oDA1mnO\"><a href=\"https:\/\/2017.carnico.it\/blog\/2012\/03\/15\/tradizione-novita-e-il-ritiro-del-val-fella\/\">TRADIZIONE, NOVITA&#8217; E IL RITIRO DEL VAL FELLA<\/a><\/blockquote><iframe sandbox=\"allow-scripts\" security=\"restricted\" src=\"https:\/\/2017.carnico.it\/blog\/2012\/03\/15\/tradizione-novita-e-il-ritiro-del-val-fella\/embed\/#?secret=nf1oDA1mnO\" width=\"600\" height=\"338\" title=\"&#8220;TRADIZIONE, NOVITA&#8217; E IL RITIRO DEL VAL FELLA&#8221; &#8212; Campionato Carnico 2017\" data-secret=\"nf1oDA1mnO\" frameborder=\"0\" marginwidth=\"0\" marginheight=\"0\" scrolling=\"no\" class=\"wp-embedded-content\"><\/iframe><script type=\"text\/javascript\">\n\/* <![CDATA[ *\/\n\/*! This file is auto-generated *\/\n!function(d,l){\"use strict\";l.querySelector&&d.addEventListener&&\"undefined\"!=typeof URL&&(d.wp=d.wp||{},d.wp.receiveEmbedMessage||(d.wp.receiveEmbedMessage=function(e){var t=e.data;if((t||t.secret||t.message||t.value)&&!\/[^a-zA-Z0-9]\/.test(t.secret)){for(var s,r,n,a=l.querySelectorAll('iframe[data-secret=\"'+t.secret+'\"]'),o=l.querySelectorAll('blockquote[data-secret=\"'+t.secret+'\"]'),c=new RegExp(\"^https?:$\",\"i\"),i=0;i<o.length;i++)o[i].style.display=\"none\";for(i=0;i<a.length;i++)s=a[i],e.source===s.contentWindow&&(s.removeAttribute(\"style\"),\"height\"===t.message?(1e3<(r=parseInt(t.value,10))?r=1e3:~~r<200&&(r=200),s.height=r):\"link\"===t.message&&(r=new URL(s.getAttribute(\"src\")),n=new URL(t.value),c.test(n.protocol))&&n.host===r.host&&l.activeElement===s&&(d.top.location.href=t.value))}},d.addEventListener(\"message\",d.wp.receiveEmbedMessage,!1),l.addEventListener(\"DOMContentLoaded\",function(){for(var e,t,s=l.querySelectorAll(\"iframe.wp-embedded-content\"),r=0;r<s.length;r++)(t=(e=s[r]).getAttribute(\"data-secret\"))||(t=Math.random().toString(36).substring(2,12),e.src+=\"#?secret=\"+t,e.setAttribute(\"data-secret\",t)),e.contentWindow.postMessage({message:\"ready\",secret:t},\"*\")},!1)))}(window,document);\n\/\/# sourceURL=https:\/\/2017.carnico.it\/blog\/wp-includes\/js\/wp-embed.min.js\n\/* ]]> *\/\n<\/script>\n","description":"La mancata iscrizione del Val Fella (i cui tesserati sono di fatto automaticamente svincolati) \u00e8 di certo la notizia pi\u00f9 interessante nel panorama del Carnico che sta per iniziare la stagione agonistica. Il presidente Giorgio Bulfon non se l\u2019\u00e8 sentita insomma di affrontare un altro campionato tra mille difficolt\u00e0 organizzative; gi\u00e0 negli ultimi anni aveva [&hellip;]","thumbnail_url":"https:\/\/www.carnico.it\/blog\/wp-content\/uploads\/2012\/03\/Val-Fella1-150x150.jpg"}

La mancata iscrizione del Val Fella (i cui tesserati sono di fatto automaticamente svincolati) è di certo la notizia più interessante nel panorama del Carnico che sta per iniziare la stagione agonistica. Il presidente Giorgio Bulfon non se l’è sentita insomma di affrontare un altro campionato tra mille difficoltà organizzative; già negli ultimi anni aveva [&hellip;]
